ate the remainder when 1031 is divided by 993.
38
What is the remainder when 12380 is divided by 6122?
136
What is the remainder when 5909 is divided by 2935?
39
What is the remainder when 178663 is divided by 15?
13
What is the remainder when 23541 is divided by 24?
21
Calculate the remainder when 16979 is divided by 4212.
131
Calculate the remainder when 93177 is divided by 10.
7
Calculate the remainder when 7973 is divided by 877.
80
What is the remainder when 25395 is divided by 2762?
537
Calculate the remainder when 593182 is divided by 296584.
14
Calculate the remainder when 2808 is divided by 447.
126
Calculate the remainder when 328833 is divided by 624.
609
Calculate the remainder when 2067559 is divided by 147.
4
Calculate the remainder when 506936 is divided by 340.
336
Calculate the remainder when 693 is divided by 176.
165
Calculate the remainder when 944 is divided by 11.
9
What is the remainder when 14553 is divided by 211?
205
What is the remainder when 135715 is divided by 131?
130
What is the remainder when 46480 is divided by 877?
876
Calculate the remainder when 1226673 is divided by 695.
693
What is the remainder when 14776 is divided by 13?
8
What is the remainder when 7460 is divided by 1815?
200
What is the remainder when 520 is divided by 80?
40
Calculate the remainder when 10076 is divided by 4974.
128
Calculate the remainder when 2298 is divided by 759.
21
What is the remainder when 31926 is divided by 438?
390
What is the remainder when 1848 is divided by 249?
105
What is the remainder when 739 is divided by 362?
15
What is the remainder when 375721 is divided by 22?
5
What is the remainder when 10801 is divided by 24?
1
Calculate the remainder when 2585 is divided by 951.
683
What is the remainder when 176924 is divided by 142?
134
What is the remainder when 6095 is divided by 676?
11
What is the remainder when 111163 is divided by 114?
13
What is the remainder when 399076 is divided by 79813?
11
Calculate the remainder when 3948 is divided by 96.
12
What is the remainder when 2118 is divided by 351?
12
Calculate the remainder when 1762 is divided by 344.
42
Calculate the remainder when 56290 is divided by 45.
40
What is the remainder when 8330 is divided by 833?
0
Calculate the remainder when 4879 is divided by 256.
15
What is the remainder when 6285505 is divided by 70?
65
What is the remainder when 174820 is divided by 174768?
52
What is the remainder when 6825 is divided by 401?
8
Calculate the remainder when 1335 is divided by 203.
117
Calculate the remainder when 282 is divided by 33.
18
What is the remainder when 72841 is divided by 439?
406
What is the remainder when 39382 is divided by 12?
10
What is the remainder when 8134 is divided by 6?
4
Calculate the remainder when 8004 is divided by 1799.
808
Calculate the remainder when 4426 is divided by 294.
16
What is the remainder when 470 is divided by 13?
2
Calculate the remainder when 97347 is divided by 150.
147
What is the remainder when 6578 is divided by 17?
16
Calculate the remainder when 192 is divided by 21.
3
What is the remainder when 10678 is divided by 345?
328
What is the remainder when 463142 is divided by 789?
788
What is the remainder when 67707 is divided by 2255?
57
What is the remainder when 602762 is divided by 31?
29
Calculate the remainder when 11268 is divided by 46.
44
Calculate the remainder when 233405 is divided by 3154.
9
Calculate the remainder when 265584 is divided by 2270.
2264
Calculate the remainder when 1802 is divided by 596.
14
Calculate the remainder when 66458 is divided by 202.
0
Calculate the remainder when 87072 is divided by 13.
11
Calculate the remainder when 10572 is divided by 589.
559
Calculate the remainder when 12042 is divided by 317.
313
What is the remainder when 26060 is divided by 83?
81
What is the remainder when 2594 is divided by 191?
111
What is the remainder when 2528 is divided by 46?
44
What is the remainder when 83903 is divided by 92?
91
Calculate the remainder when 166 is divided by 111.
55
Calculate the remainder when 1813453 is divided by 35.
33
Calculate the remainder when 151809 is divided by 14.
7
What is the remainder when 291526 is divided by 97167?
25
Calculate the remainder when 3328229 is divided by 2164.
2161
Calculate the remainder when 1067 is divided by 188.
127
What is the remainder when 133879 is divided by 1125?
4
What is the remainder when 15250 is divided by 355?
340
What is the remainder when 19182 is divided by 24?
6
What is the remainder when 182 is divided by 27?
20
Calculate the remainder when 1639 is divided by 6.
1
What is the remainder when 5495 is divided by 100?
95
What is the remainder when 43856 is divided by 25?
6
What is the remainder when 117483 is divided by 42?
9
Calculate the remainder when 73049 is divided by 134.
19
Calculate the remainder when 12469 is divided by 1134.
1129
What is the remainder when 626 is divided by 88?
10
Calculate the remainder when 228690 is divided by 76181.
147
What is the remainder when 3694 is divided by 693?
229
What is the remainder when 16032 is divided by 1144?
16
Calculate the remainder when 74851 is divided by 342.
295
Calculate the remainder when 43705 is divided by 794.
35
What is the remainder when 9539 is divided by 111?
104
Calculate the remainder when 1251127 is divided by 1223.
1221
What is the remainder when 135563 is divided by 5?
3
What is the remainder when 5455 is divided by 1567?
754
Calculate the remainder when 6769 is divided by 2204.
157
What is the remainder when 10590 is divided by 2646?
6
Calculate the remainder when 249077 is divided by 4.
1
Calculate the remainder when 116493 is divided by 157.
156
Calculate the remainder when 3683 is divided by 22.
9
Calculate the remainder when 1771 is divided by 554.
109
Calculate the remainder when 115911 is divided by 137.
9
What is the remainder when 2437139 is divided by 151?
150
Calculate the remainder when 46643 is divided by 356.
7
What is the remainder when 3615 is divided by 27?
24
Calculate the remainder when 1627062 is divided by 14.
10
What is the remainder when 3809 is divided by 143?
91
What is the remainder when 2651 is divided by 164?
27
What is the remainder when 233492 is divided by 188?
184
Calculate the remainder when 54262 is divided by 119.
117
Calculate the remainder when 3569 is divided by 163.
146
Calculate the remainder when 89288 is divided by 902.
892
What is the remainder when 347 is divided by 306?
41
Calculate the remainder when 2036 is divided by 179.
67
What is the remainder when 5816 is divided by 176?
8
What is the remainder when 67634 is divided by 487?
428
What is the remainder when 5493 is divided by 343?
5
Calculate the remainder when 4636 is divided by 203.
170
What is the remainder when 42572 is divided by 42530?
42
What is the remainder when 11586 is divided by 11519?
67
What is the remainder when 28969 is divided by 207?
196
What is the remainder when 211095 is divided by 233?
230
Calculate the remainder when 13903 is divided by 181.
147
What is the remainder when 477 is divided by 17?
1
What is the remainder when 293 is divided by 163?
130
What is the remainder when 24750 is divided by 139?
8
Calculate the remainder when 1089 is divided by 1021.
68
Calculate the remainder when 210486 is divided by 208.
198
Calculate the remainder when 31830 is divided by 205.
55
What is the remainder when 13368 is divided by 843?
723
Calculate the remainder when 10894 is divided by 2176.
14
Calculate the remainder when 51725 is divided by 52.
37
What is the remainder when 1996341 is divided by 7?
4
Calculate the remainder when 754804 is divided by 241.
233
What is the remainder when 15708 is divided by 36?
12
What is the remainder when 28040 is divided by 562?
502
Calculate the remainder when 691 is divided by 40.
11
Calculate the remainder when 94371 is divided by 139.
129
Calculate the remainder when 12706 is divided by 227.
221
Calculate the remainder when 8215 is divided by 125.
90
What is the remainder when 19831 is divided by 173?
109
What is the remainder when 1794 is divided by 1772?
22
What is the remainder when 14226 is divided by 107?
102
Calculate the remainder when 34653 is divided by 27.
12
What is the remainder when 107519